{"id":124,"date":"2026-01-20T10:05:59","date_gmt":"2026-01-20T10:05:59","guid":{"rendered":"https:\/\/elektroaga.lv\/?page_id=124"},"modified":"2026-01-20T13:50:24","modified_gmt":"2026-01-20T13:50:24","slug":"projektesana","status":"publish","type":"page","link":"https:\/\/elektroaga.lv\/?page_id=124","title":{"rendered":"Projekt\u0113\u0161ana"},"content":{"rendered":"\n<p>Pied\u0101v\u0101jam <strong>\u201cprojekt\u0113 un izb\u016bv\u0113\u201d<\/strong> risin\u0101jumus iek\u0161\u0113jiem un \u0101r\u0113jiem elektrot\u012bkliem, k\u0101 ar\u012b <strong>zibensaizsardz\u012bbas sist\u0113mu projekt\u0113\u0161anu un izb\u016bvi<\/strong> da\u017e\u0101da veida objektiem. Nodro\u0161in\u0101m pilnu pakalpojumu ciklu \u2013 no idejas un tehnisk\u0101 risin\u0101juma l\u012bdz kvalitat\u012bvai realiz\u0101cijai objekt\u0101.<\/p>\n\n\n\n<p><strong>M\u016bsu pakalpojumi ietver:<\/strong><\/p>\n\n\n\n<ul class=\"wp-block-list\">\n<li>Iek\u0161\u0113jo elektrot\u012bklu projekt\u0113\u0161anu un izb\u016bvi<br>(apgaismojums, rozetes, sp\u0113ka t\u012bkli, sadales)<\/li>\n\n\n\n<li>\u0100r\u0113jo elektrot\u012bklu projekt\u0113\u0161anu un izb\u016bvi<br>(pievadi, teritorijas apgaismojums, \u0101r\u0113j\u0101s sadales)<\/li>\n\n\n\n<li>Zibensaizsardz\u012bbas un p\u0101rsprieguma aizsardz\u012bbas sist\u0113mu projekt\u0113\u0161anu un izb\u016bvi<\/li>\n\n\n\n<li>Slod\u017eu apr\u0113\u0137inus un elektrotehnisko risin\u0101jumu optimiz\u0101ciju<\/li>\n\n\n\n<li>Projekta saska\u0146o\u0161anu atbilsto\u0161i sp\u0113k\u0101 eso\u0161ajiem normat\u012bviem<\/li>\n<\/ul>\n\n\n\n<p><strong>Str\u0101d\u0101jam ar \u0161\u0101diem objektiem:<\/strong><\/p>\n\n\n\n<ul class=\"wp-block-list\">\n<li>Priv\u0101tm\u0101jas un dz\u012bvojam\u0101s \u0113kas<\/li>\n\n\n\n<li>Daudzdz\u012bvok\u013cu \u0113kas<\/li>\n\n\n\n<li>Ra\u017eo\u0161anas \u0113kas un noliktavas<\/li>\n\n\n\n<li>Komerc\u0113kas un sabiedrisk\u0101s \u0113kas<\/li>\n\n\n\n<li>Citi objekti atbilsto\u0161i pas\u016bt\u012bt\u0101ja vajadz\u012bb\u0101m<\/li>\n<\/ul>\n\n\n\n<p>Izv\u0113loties <strong>projekt\u0113 un izb\u016bv\u0113<\/strong> pieeju, pas\u016bt\u012bt\u0101js ieg\u016bst vienotu atbild\u012bbu, saska\u0146otu risin\u0101jumu un efekt\u012bv\u0101ku projekta realiz\u0101ciju gan laika, gan izmaksu zi\u0146\u0101.<\/p>\n\n\n\n<p>Sazinieties rakstot ivars@elektroaga.lv vai zvanot 29119867<\/p>\n","protected":false},"excerpt":{"rendered":"<p>Pied\u0101v\u0101jam \u201cprojekt\u0113 un izb\u016bv\u0113\u201d risin\u0101jumus iek\u0161\u0113jiem un \u0101r\u0113jiem elektrot\u012bkliem, k\u0101 ar\u012b zibensaizsardz\u012bbas sist\u0113mu projekt\u0113\u0161anu un izb\u016bvi da\u017e\u0101da veida objektiem. Nodro\u0161in\u0101m [&hellip;]<\/p>\n","protected":false},"author":2,"featured_media":0,"parent":0,"menu_order":0,"comment_status":"closed","ping_status":"closed","template":"","meta":{"site-sidebar-layout":"default","site-content-layout":"","ast-site-content-layout":"default","site-content-style":"default","site-sidebar-style":"default","ast-global-header-display":"","ast-banner-title-visibility":"","ast-main-header-display":"","ast-hfb-above-header-display":"","ast-hfb-below-header-display":"","ast-hfb-mobile-header-display":"","site-post-title":"","ast-breadcrumbs-content":"","ast-featured-img":"","footer-sml-layout":"","ast-disable-related-posts":"","theme-transparent-header-meta":"","adv-header-id-meta":"","stick-header-meta":"","header-above-stick-meta":"","header-main-stick-meta":"","header-below-stick-meta":"","astra-migrate-meta-layouts":"default","ast-page-background-enabled":"default","ast-page-background-meta":{"desktop":{"background-color":"var(--ast-global-color-5)","background-image":"","background-repeat":"repeat","background-position":"center center","background-size":"auto","background-attachment":"scroll","background-type":"","background-media":"","overlay-type":"","overlay-color":"","overlay-opacity":"","overlay-gradient":""},"tablet":{"background-color":"","background-image":"","background-repeat":"repeat","background-position":"center center","background-size":"auto","background-attachment":"scroll","background-type":"","background-media":"","overlay-type":"","overlay-color":"","overlay-opacity":"","overlay-gradient":""},"mobile":{"background-color":"","background-image":"","background-repeat":"repeat","background-position":"center center","background-size":"auto","background-attachment":"scroll","background-type":"","background-media":"","overlay-type":"","overlay-color":"","overlay-opacity":"","overlay-gradient":""}},"ast-content-background-meta":{"desktop":{"background-color":"var(--ast-global-color-4)","background-image":"","background-repeat":"repeat","background-position":"center center","background-size":"auto","background-attachment":"scroll","background-type":"","background-media":"","overlay-type":"","overlay-color":"","overlay-opacity":"","overlay-gradient":""},"tablet":{"background-color":"var(--ast-global-color-4)","background-image":"","background-repeat":"repeat","background-position":"center center","background-size":"auto","background-attachment":"scroll","background-type":"","background-media":"","overlay-type":"","overlay-color":"","overlay-opacity":"","overlay-gradient":""},"mobile":{"background-color":"var(--ast-global-color-4)","background-image":"","background-repeat":"repeat","background-position":"center center","background-size":"auto","background-attachment":"scroll","background-type":"","background-media":"","overlay-type":"","overlay-color":"","overlay-opacity":"","overlay-gradient":""}},"footnotes":""},"class_list":["post-124","page","type-page","status-publish","hentry"],"_links":{"self":[{"href":"https:\/\/elektroaga.lv\/index.php?rest_route=\/wp\/v2\/pages\/124","targetHints":{"allow":["GET"]}}],"collection":[{"href":"https:\/\/elektroaga.lv\/index.php?rest_route=\/wp\/v2\/pages"}],"about":[{"href":"https:\/\/elektroaga.lv\/index.php?rest_route=\/wp\/v2\/types\/page"}],"author":[{"embeddable":true,"href":"https:\/\/elektroaga.lv\/index.php?rest_route=\/wp\/v2\/users\/2"}],"replies":[{"embeddable":true,"href":"https:\/\/elektroaga.lv\/index.php?rest_route=%2Fwp%2Fv2%2Fcomments&post=124"}],"version-history":[{"count":2,"href":"https:\/\/elektroaga.lv\/index.php?rest_route=\/wp\/v2\/pages\/124\/revisions"}],"predecessor-version":[{"id":145,"href":"https:\/\/elektroaga.lv\/index.php?rest_route=\/wp\/v2\/pages\/124\/revisions\/145"}],"wp:attachment":[{"href":"https:\/\/elektroaga.lv\/index.php?rest_route=%2Fwp%2Fv2%2Fmedia&parent=124"}],"curies":[{"name":"wp","href":"https:\/\/api.w.org\/{rel}","templated":true}]}}